{"id":1755,"date":"2024-01-23T20:56:05","date_gmt":"2024-01-23T18:56:05","guid":{"rendered":"http:\/\/www.messukylantoverit.fi\/?page_id=1755"},"modified":"2024-04-22T22:04:14","modified_gmt":"2024-04-22T19:04:14","slug":"turnausinfo-2024","status":"publish","type":"page","link":"https:\/\/www.messukylantoverit.fi\/?page_id=1755","title":{"rendered":"Turnausinfo 2024"},"content":{"rendered":"\n\n\n<p>\u00a0<\/p>\n<p><span style=\"color: #ff0000;\"><strong>OTTELUOHJELMA: <a href=\"https:\/\/tulospalvelu.sevenbeach.fi\/mesto-2024\/mesto-2024-etusivu\/\" target=\"_blank\" rel=\"noopener\">https:\/\/tulospalvelu.sevenbeach.fi\/mesto-2024\/mesto-2024-etusivu\/<\/a><\/strong><\/span><\/p>\n<p>\u00a0<\/p>\n<p class=\"elementToProof\">XXXVIII MesTo-turnaus j\u00e4rjestet\u00e4\u00e4n Tampereella <strong>4.-5.5.2024<\/strong>.<\/p>\n<p><span style=\"color: #008000;\">Ilmoittautuminen on p\u00e4\u00e4ttynyt, l\u00e4het\u00e4mme otteluohjelmat yhteyshenkil\u00f6ille viimeist\u00e4\u00e4n ma 22.4. ja l\u00f6yd\u00e4t ne silloin my\u00f6s t\u00e4lt\u00e4 sivulta.<\/span><\/p>\n<p><b>Sarjat:<\/b><br \/>Naiset B , (sarjataso AM, kuntosarjat) Pelipaikkana<strong> Kaukaj\u00e4rven vapaa-aikatalo<\/strong>, K\u00e4\u00e4tykatu 8, 33710<br \/>Naiset A (sarjataso 2-3 sarjat), Pelipaikkana <strong>Hervannan ammattikoulu<\/strong>, Hepolamminkatu 10, 33720<br \/>Miehet (sarjataso 3-AM), Pelipaikkana<strong> Lamminrahkan koulu<\/strong>, Mossin puistokatu 33, 36100<\/p>\n<p><b>Pelipaikat:<\/b><br \/>Kaukaj\u00e4rven vapaa-aikatalo, <span class=\"address-display-element address-line1-element\">K\u00e4\u00e4tykatu 8, <\/span><span class=\"address-display-element postal-code-element\">33710 <\/span><span class=\"address-display-element locality-element\">Tampere<\/span><br \/>Lamminrahkan koulu, Mossin puistokatu 33, 36100 Kangasala<br \/>Hervannan ammattikoulu, Hepolamminkatu 10, 33720 Tampere<\/p>\n<p><b>Mit\u00e4 maksaa:<\/b><br \/>135e per joukkue, kun joukkue ilmoittautuu ja maksaa ilmoittautumisen\u00a0<b>viimeist\u00e4\u00e4n 14.3.2024<\/b>.<\/p>\n<p>150e per joukkue, kun joukkue ilmoittautuu ja maksaa ilmoittautumisen\u00a0<b>aikav\u00e4lill\u00e4 15.3.-7.4.2024<\/b><\/p>\n<p>Kohonneiden kustannusten vuoksi emme en\u00e4\u00e4 pysty tarjoamaan alennusta useammasta saman seuran joukkueesta. Ilmoittautuminen on sitova, peruutuksista veloitamme 50 euroa. Jos peruutus tapahtuu 7.4. j\u00e4lkeen, veloitamme koko ilmoittautumismaksun.<\/p>\n<p>Osallistumismaksulasku l\u00e4hetet\u00e4\u00e4n yhteyshenkil\u00f6n s\u00e4hk\u00f6postiosoitteeseen n. viikon sis\u00e4ll\u00e4 ilmoittautumisesta.<\/p>\n<p><b>Maksutiedot:<\/b><br \/>Nordea FI92 1509 3007 2007 67, viitenumero 2370.<br \/>Mik\u00e4li ilmoittautumismaksun maksaa joku muu kuin ilmoittautuva seura\/joukkue tai sen yhteyshenkil\u00f6, ilmoitattehan siit\u00e4 esim. s\u00e4hk\u00f6postilla tai ilmoittautumislomakkeen lis\u00e4tietoja-kohdassa, niin osaamme kohdistaa maksun oikealle joukkueelle.<\/p>\n<p><b>Palkinnot:<\/b><br \/>Palkitsemme kaikkien sarjojen ensimm\u00e4iset kolme joukkuetta ja parhaat pelaajat, mutta emme en\u00e4\u00e4 jaa henkil\u00f6kohtaisia mitaleja.<\/p>\n<p><strong>Viimeinen ilmoittautumisp\u00e4iv\u00e4 on 7.4.2024.<\/strong><\/p>\n<p>Tiedustelut:\u00a0<a class=\"mailto-link\" href=\"mailto:toimisto@messukylantoverit.fi\" target=\"_blank\" rel=\"noopener\">toimisto@messukylantoverit.fi<\/a>\u00a0tai puh. 040 731 9987 (Anna-Kaisa)<\/p>\n<p>Tervetuloa Tampereelle!<\/p>\n<p class=\"elementToProof\">Huomaathan my\u00f6s Facebook-sivumme! Tykk\u00e4\u00e4 ja saat n\u00e4in ajankohtaiset turnausuutiset my\u00f6s Facebook-virtaasi.<\/p>\n<p>\u00a0<\/p>\n<p>Majoitustarjous:<\/p>\n<p style=\"font-weight: 400;\"><strong>KILPAILUKYKYINEN MAJOITUSTARJOUS MESTO-TURNAUKSEN JOUKKUEILLE! <\/strong><br \/><br \/>Tervetuloa Courtyard by Marriott Tampere Cityyn, moderniin ja Tampereen uusimpiin hotelliin kaupungin syd\u00e4mess\u00e4! Ihanteellinen sijainti lentopalloille antaa mahdollisuuden tutustua Tampereeseen helposti jalan Mesto-turnauksen yhteydess\u00e4. Samassa rakennuksessa sijaitsee Tampere-talo ja k\u00e4velymatkan et\u00e4isyydell\u00e4 ovat mm. Nokia Arena, suurimmat kauppakeskukset Ratina ja Koskikeskus sek\u00e4 rautatieasema ja linja-autoasema.<br \/><br \/><\/p>\n<p style=\"font-weight: 400;\"><strong>Courtyard by Marriott tarjoaa Mesto-turnauksen joukkueille melkeinp\u00e4 2 y\u00f6t\u00e4 yhden hinnalla!<\/strong><br \/><br \/><strong>3.-5.5.2024, 2 y\u00f6t\u00e4 (hinnoissa on mukana verot):<\/strong> <br \/><br \/>180 \u20ac \/ 2 y\u00f6t\u00e4 , Standard -huone yhdelle, sis\u00e4lt\u00e4en aamupalan<\/p>\n<p style=\"font-weight: 400;\">200 \u20ac \/ 2 y\u00f6t\u00e4, Standard -huone kahdelle, sis\u00e4lt\u00e4en aamupalan<\/p>\n<p style=\"font-weight: 400;\"><br \/>tai<\/p>\n<p style=\"font-weight: 400;\"><br \/><strong>4.-5.5.2024, 1 y\u00f6t\u00e4 (hinnoissa on mukana verot):<\/strong><\/p>\n<p style=\"font-weight: 400;\">\u00a0<\/p>\n<p style=\"font-weight: 400;\">144 \u20ac \/ y\u00f6 , Standard -huone yhdelle, sis\u00e4lt\u00e4en aamupalan<\/p>\n<p style=\"font-weight: 400;\">164 \u20ac \/ y\u00f6, Standard -huone kahdelle, sis\u00e4lt\u00e4en aamupalan<\/p>\n<p style=\"font-weight: 400;\">\u00a0Huonehintaan sis\u00e4ltyy:<\/p>\n<p style=\"font-weight: 400;\">&#8211; Monipuolinen aamiainen kahdelle, nopea Wi-Fi yhteys sek\u00e4 kuntosalin k\u00e4ytt\u00f6.<br \/><br \/>Tarjous on voimassa perjantaihin 19.4.2024 asti ja saatavuuden mukaan. Huoneita on varattavissa rajoitettu m\u00e4\u00e4r\u00e4. <br \/><br \/>Huoneet laskutetaan joukkueilta suoraan (50 % ennakkoon ja 50 % Mesto-turnauksen j\u00e4lkeen).<br \/><br \/>Varaukset sales@courtyardtamperecity.com joukkueittain.<\/p>\n<p style=\"font-weight: 400;\"><strong>Pys\u00e4k\u00f6inti<br \/><\/strong><\/p>\n<p style=\"font-weight: 400;\">15 \u20ac \/ viikonloppu \/ auto, voimassa saatavuuden mukaan. Ilmoitathan varauksen yhteydess\u00e4, jos saavutte joukkueesi kanssa turnaukseen autolla.<\/p>\n<p><a href=\"http:\/\/www.messukylantoverit.fi\/wp-content\/uploads\/2024\/04\/CY_Logo_Black.png\"><img loading=\"lazy\" decoding=\"async\" class=\"alignleft size-medium wp-image-1807\" src=\"http:\/\/www.messukylantoverit.fi\/wp-content\/uploads\/2024\/04\/CY_Logo_Black-300x46.png\" alt=\"\" width=\"300\" height=\"46\" srcset=\"https:\/\/www.messukylantoverit.fi\/wp-content\/uploads\/2024\/04\/CY_Logo_Black-300x46.png 300w, https:\/\/www.messukylantoverit.fi\/wp-content\/uploads\/2024\/04\/CY_Logo_Black-1024x158.png 1024w, https:\/\/www.messukylantoverit.fi\/wp-content\/uploads\/2024\/04\/CY_Logo_Black-768x119.png 768w, https:\/\/www.messukylantoverit.fi\/wp-content\/uploads\/2024\/04\/CY_Logo_Black-700x108.png 700w, https:\/\/www.messukylantoverit.fi\/wp-content\/uploads\/2024\/04\/CY_Logo_Black-332x51.png 332w, https:\/\/www.messukylantoverit.fi\/wp-content\/uploads\/2024\/04\/CY_Logo_Black.png 1223w\" sizes=\"auto, (max-width: 300px) 100vw, 300px\" \/><\/a><\/p>\n<p>\u00a0<\/p>\n<p>\u00a0<\/p>\n","protected":false},"excerpt":{"rendered":"<p>\u00a0 OTTELUOHJELMA: https:\/\/tulospalvelu.sevenbeach.fi\/mesto-2024\/mesto-2024-etusivu\/ \u00a0 XXXVIII MesTo-turnaus j\u00e4rjestet\u00e4\u00e4n Tampereella 4.-5.5.2024. Ilmoittautuminen on p\u00e4\u00e4ttynyt, l\u00e4het\u00e4mme otteluohjelmat yhteyshenkil\u00f6ille viimeist\u00e4\u00e4n ma 22.4. ja l\u00f6yd\u00e4t ne silloin my\u00f6s t\u00e4lt\u00e4 sivulta. Sarjat:Naiset B , (sarjataso AM, kuntosarjat) Pelipaikkana Kaukaj\u00e4rven vapaa-aikatalo, K\u00e4\u00e4tykatu 8, 33710Naiset A (sarjataso 2-3 sarjat), Pelipaikkana Hervannan ammattikoulu, Hepolamminkatu 10, 33720Miehet (sarjataso 3-AM), Pelipaikkana &#8230;<\/p>\n","protected":false},"author":4,"featured_media":0,"parent":0,"menu_order":0,"comment_status":"closed","ping_status":"closed","template":"","meta":{"footnotes":""},"class_list":["post-1755","page","type-page","status-publish","hentry","column","twocol"],"_links":{"self":[{"href":"https:\/\/www.messukylantoverit.fi\/index.php?rest_route=\/wp\/v2\/pages\/1755","targetHints":{"allow":["GET"]}}],"collection":[{"href":"https:\/\/www.messukylantoverit.fi\/index.php?rest_route=\/wp\/v2\/pages"}],"about":[{"href":"https:\/\/www.messukylantoverit.fi\/index.php?rest_route=\/wp\/v2\/types\/page"}],"author":[{"embeddable":true,"href":"https:\/\/www.messukylantoverit.fi\/index.php?rest_route=\/wp\/v2\/users\/4"}],"replies":[{"embeddable":true,"href":"https:\/\/www.messukylantoverit.fi\/index.php?rest_route=%2Fwp%2Fv2%2Fcomments&post=1755"}],"version-history":[{"count":15,"href":"https:\/\/www.messukylantoverit.fi\/index.php?rest_route=\/wp\/v2\/pages\/1755\/revisions"}],"predecessor-version":[{"id":1869,"href":"https:\/\/www.messukylantoverit.fi\/index.php?rest_route=\/wp\/v2\/pages\/1755\/revisions\/1869"}],"wp:attachment":[{"href":"https:\/\/www.messukylantoverit.fi\/index.php?rest_route=%2Fwp%2Fv2%2Fmedia&parent=1755"}],"curies":[{"name":"wp","href":"https:\/\/api.w.org\/{rel}","templated":true}]}}