{"id":602,"date":"2015-04-19T18:39:02","date_gmt":"2015-04-19T15:39:02","guid":{"rendered":"http:\/\/www.messukylantoverit.fi\/?page_id=602"},"modified":"2015-04-19T18:53:50","modified_gmt":"2015-04-19T15:53:50","slug":"tulokset-2015","status":"publish","type":"page","link":"http:\/\/www.messukylantoverit.fi\/?page_id=602","title":{"rendered":"Tulokset 2015"},"content":{"rendered":"<p><strong>Naiset A<\/strong><\/p>\n<p>1. Rientola (yrittelij\u00e4in pelaaja: Mia Nurmiranta)<br \/>\n2. T\u00f6\u00f6l\u00f6n Vesa (Kaisa Halberg)<br \/>\n3. Team Jenna (Emilia Huuskonen)<br \/>\n4. Svobo<br \/>\n5. Valfridin tyt\u00f6t<br \/>\n6. Nestehukka<br \/>\n7. Er\u00e4n Jatkot<br \/>\n8. Wasa Volley<br \/>\n9. Er\u00e4 N1<br \/>\n10. Tehotyt\u00f6t<br \/>\n11. VanLe<br \/>\n12. Janet<br \/>\n13. Er\u00e4 N3<\/p>\n<p>Sarjan paras pelaaja: Anni Koivuniemi<\/p>\n<p><strong>Naiset B<\/strong><\/p>\n<p>1. Kalevan Lentopallo (Hannamari Saarenp\u00e4\u00e4)<br \/>\n2. T\u00f6ys\u00e4n Veto (Tuija Haataja)<br \/>\n3. Lielahden Kipin\u00e4 (Emilia Aro)<br \/>\n4. WOK<br \/>\n5. Enkelit<br \/>\n6. Zekit<br \/>\n7. Lamminp\u00e4\u00e4n Korpi<br \/>\n8. Isojoen Urheilijat<br \/>\n9. Er\u00e4 N5<br \/>\n10. Parkano<br \/>\n11. Er\u00e4 N4<br \/>\n12. Er\u00e4naiset 2<\/p>\n<p>Sarjan paras pelaaja: Mari Mursula<\/p>\n<p><strong>Miehet<\/strong><\/p>\n<p>1. Lemp\u00e4\u00e4l\u00e4n Jyry<br \/>\n2. Ryysyranta<br \/>\n3. SUM<br \/>\n4. MOU<br \/>\n5. Nurmo Volley<br \/>\n6. Smash<br \/>\n7. Er\u00e4 ME<br \/>\n8. Er\u00e4 IV<br \/>\n9. Er\u00e4miehet<br \/>\n10. H\u00f6ntsy<\/p>\n<p>Sarjan paras pelaaja: Arttu Reima<\/p>\n","protected":false},"excerpt":{"rendered":"<p>Naiset A 1. Rientola (yrittelij\u00e4in pelaaja: Mia Nurmiranta) 2. T\u00f6\u00f6l\u00f6n Vesa (Kaisa Halberg) 3. Team Jenna (Emilia Huuskonen) 4. Svobo 5. Valfridin tyt\u00f6t 6. Nestehukka 7. Er\u00e4n Jatkot 8. Wasa Volley 9. Er\u00e4 N1 10. Tehotyt\u00f6t 11. VanLe 12. Janet 13. Er\u00e4 N3 Sarjan paras pelaaja: Anni Koivuniemi Naiset B &#8230;<\/p>\n","protected":false},"author":3,"featured_media":0,"parent":44,"menu_order":0,"comment_status":"closed","ping_status":"open","template":"","meta":{"footnotes":""},"class_list":["post-602","page","type-page","status-publish","hentry","column","twocol"],"_links":{"self":[{"href":"http:\/\/www.messukylantoverit.fi\/index.php?rest_route=\/wp\/v2\/pages\/602","targetHints":{"allow":["GET"]}}],"collection":[{"href":"http:\/\/www.messukylantoverit.fi\/index.php?rest_route=\/wp\/v2\/pages"}],"about":[{"href":"http:\/\/www.messukylantoverit.fi\/index.php?rest_route=\/wp\/v2\/types\/page"}],"author":[{"embeddable":true,"href":"http:\/\/www.messukylantoverit.fi\/index.php?rest_route=\/wp\/v2\/users\/3"}],"replies":[{"embeddable":true,"href":"http:\/\/www.messukylantoverit.fi\/index.php?rest_route=%2Fwp%2Fv2%2Fcomments&post=602"}],"version-history":[{"count":8,"href":"http:\/\/www.messukylantoverit.fi\/index.php?rest_route=\/wp\/v2\/pages\/602\/revisions"}],"predecessor-version":[{"id":616,"href":"http:\/\/www.messukylantoverit.fi\/index.php?rest_route=\/wp\/v2\/pages\/602\/revisions\/616"}],"up":[{"embeddable":true,"href":"http:\/\/www.messukylantoverit.fi\/index.php?rest_route=\/wp\/v2\/pages\/44"}],"wp:attachment":[{"href":"http:\/\/www.messukylantoverit.fi\/index.php?rest_route=%2Fwp%2Fv2%2Fmedia&parent=602"}],"curies":[{"name":"wp","href":"https:\/\/api.w.org\/{rel}","templated":true}]}}