{"id":191,"date":"2013-09-30T14:34:35","date_gmt":"2013-09-30T11:34:35","guid":{"rendered":"http:\/\/www.messukylantoverit.fi\/?page_id=191"},"modified":"2026-02-14T08:52:03","modified_gmt":"2026-02-14T06:52:03","slug":"c-tytot","status":"publish","type":"page","link":"http:\/\/www.messukylantoverit.fi\/?page_id=191","title":{"rendered":"Lentopallokoulu"},"content":{"rendered":"<p class=\"cvGsUA direction-ltr align-start para-style-body\"><strong><span class=\"OYPEnA font-feature-liga-off font-feature-clig-off font-feature-calt-off text-decoration-none text-strikethrough-none\">Lentopallokoulu (2016-2017 syntyneet tyt\u00f6t ja pojat)<\/span><\/strong><\/p>\n<p>Haluatko oppia lentopallon alkeita? Tule mukaan MesTon lentopallokouluun. Harjoittelemme lentopallon alkeita, mukavaa pelailua ja leikki\u00e4 unohtamatta.<\/p>\n<p>Ilmainen kokeilukerta!<\/p>\n<p>Harjoitukset tiistaisin klo 17.00-18.30, alkaen 20.1.2026. Kev\u00e4tkauden hinta 100e + j\u00e4senmaksu 20e.<\/p>\n<p><strong>Harjoituspaikka<\/strong>: Svenska Samskolan i Tammerfors, Koulukatu 14, 33200 Tampere.<\/p>\n<p>Ilmoittaudu mukaan MyClubin kautta: <a href=\"https:\/\/messukylantoverit.myclub.fi\/flow\/events\/10273051\" target=\"_blank\" rel=\"noopener\">https:\/\/messukylantoverit.myclub.fi\/flow\/events\/10273051<\/a><\/p>\n<p>Lis\u00e4tiedot: toimisto@messukylantoverit.fi<\/p>\n","protected":false},"excerpt":{"rendered":"<p>Lentopallokoulu (2016-2017 syntyneet tyt\u00f6t ja pojat) Haluatko oppia lentopallon alkeita? Tule mukaan MesTon lentopallokouluun. Harjoittelemme lentopallon alkeita, mukavaa pelailua ja leikki\u00e4 unohtamatta. Ilmainen kokeilukerta! Harjoitukset tiistaisin klo 17.00-18.30, alkaen 20.1.2026. Kev\u00e4tkauden hinta 100e + j\u00e4senmaksu 20e. Harjoituspaikka: Svenska Samskolan i Tammerfors, Koulukatu 14, 33200 Tampere. Ilmoittaudu mukaan MyClubin kautta: https:\/\/messukylantoverit.myclub.fi\/flow\/events\/10273051 &#8230;<\/p>\n","protected":false},"author":1,"featured_media":0,"parent":35,"menu_order":0,"comment_status":"closed","ping_status":"open","template":"","meta":{"footnotes":""},"class_list":["post-191","page","type-page","status-publish","hentry","column","twocol"],"_links":{"self":[{"href":"http:\/\/www.messukylantoverit.fi\/index.php?rest_route=\/wp\/v2\/pages\/191","targetHints":{"allow":["GET"]}}],"collection":[{"href":"http:\/\/www.messukylantoverit.fi\/index.php?rest_route=\/wp\/v2\/pages"}],"about":[{"href":"http:\/\/www.messukylantoverit.fi\/index.php?rest_route=\/wp\/v2\/types\/page"}],"author":[{"embeddable":true,"href":"http:\/\/www.messukylantoverit.fi\/index.php?rest_route=\/wp\/v2\/users\/1"}],"replies":[{"embeddable":true,"href":"http:\/\/www.messukylantoverit.fi\/index.php?rest_route=%2Fwp%2Fv2%2Fcomments&post=191"}],"version-history":[{"count":38,"href":"http:\/\/www.messukylantoverit.fi\/index.php?rest_route=\/wp\/v2\/pages\/191\/revisions"}],"predecessor-version":[{"id":2034,"href":"http:\/\/www.messukylantoverit.fi\/index.php?rest_route=\/wp\/v2\/pages\/191\/revisions\/2034"}],"up":[{"embeddable":true,"href":"http:\/\/www.messukylantoverit.fi\/index.php?rest_route=\/wp\/v2\/pages\/35"}],"wp:attachment":[{"href":"http:\/\/www.messukylantoverit.fi\/index.php?rest_route=%2Fwp%2Fv2%2Fmedia&parent=191"}],"curies":[{"name":"wp","href":"https:\/\/api.w.org\/{rel}","templated":true}]}}